 165 - -1?
166
In base 9, what is 22 + -11?
11
In base 9, what is -1018 - 3?
-1022
In base 3, what is -202212 - 12?
-210001
In base 10, what is -4 - -23?
19
In base 7, what is -113 - -155?
42
In base 5, what is -1341 + -411?
-2302
In base 12, what is 193 + -21?
172
In base 2, what is -10001 + 10010?
1
In base 14, what is -73 - -10?
-63
In base 10, what is 4 - 189?
-185
In base 12, what is 1 + -a?
-9
In base 15, what is c5 - -9?
ce
In base 5, what is -114 + -21?
-140
In base 10, what is -2 - 83?
-85
In base 11, what is -a40 - 5?
-a45
In base 3, what is -102222 - -12?
-102210
In base 14, what is 3 - 25b?
-258
In base 8, what is 1 + 1657?
1660
In base 6, what is 424 - -5?
433
In base 3, what is 22 - 201?
-102
In base 2, what is -11010001 - -11100?
-10110101
In base 10, what is 17370 + 5?
17375
In base 6, what is -133 - 30?
-203
In base 8, what is -3 - -17?
14
In base 14, what is -5 - 14?
-19
In base 16, what is -2 - 5d?
-5f
In base 13, what is -1 + 7?
6
In base 16, what is -78 - 5a?
-d2
In base 16, what is -4 - 5?
-9
In base 8, what is 34 + -20?
14
In base 7, what is -2 - 1460?
-1462
In base 14, what is 2c + 6?
34
In base 8, what is -10 - 33?
-43
In base 4, what is -12003 + 10?
-11333
In base 6, what is 1 + -1415?
-1414
In base 4, what is 1100011 - 11?
1100000
In base 7, what is 1403 + 2?
1405
In base 15, what is -5 + -24?
-29
In base 14, what is 15 - 36?
-21
In base 12, what is -3 - -854?
851
In base 6, what is 1 - -1021?
1022
In base 12, what is -b + -4?
-13
In base 4, what is 1 - -201?
202
In base 2, what is 101 - 1010100011?
-1010011110
In base 16, what is 9170 + 2?
9172
In base 7, what is 1 - -32?
33
In base 2, what is 11 - 1100001100110?
-1100001100011
In base 9, what is -615 + 2?
-613
In base 2, what is 11000100 - 1110?
10110110
In base 11, what is 18 + -336?
-319
In base 7, what is -45 - -443?
365
In base 5, what is 0 + -444?
-444
In base 14, what is -75 + -c?
-83
In base 4, what is 11 - 120?
-103
In base 2, what is 110 + -10111?
-10001
In base 14, what is 490 - 3?
48b
In base 2, what is -11111 - -1001011?
101100
In base 16, what is 4 + -18d?
-189
In base 10, what is -4 - 1425?
-1429
In base 7, what is -3 - -60?
54
In base 2, what is -11001000 - 10101?
-11011101
In base 5, what is -10 - -3243?
3233
In base 14, what is -5 - 57?
-5c
In base 16, what is 4 - 55?
-51
In base 14, what is -2 + 1a?
18
In base 13, what is 5 - -276?
27b
In base 12, what is 0 - 1398?
-1398
In base 10, what is 763 + -4?
759
In base 10, what is -108 + -2?
-110
In base 3, what is -201 + -20?
-221
In base 16, what is -11 + 6?
-b
In base 6, what is -335 - -11?
-324
In base 2, what is 11 - 100000?
-11101
In base 8, what is -31 - 314?
-345
In base 5, what is 3 - 40133?
-40130
In base 10, what is -28 + -1219?
-1247
In base 15, what is -2c0 - -2?
-2bd
In base 11, what is -39 - 4?
-42
In base 11, what is 1662 + -9?
1654
In base 12, what is -48 - -98?
50
In base 12, what is 37 - 4?
33
In base 8, what is -53 - 47?
-122
In base 3, what is 121201 - -11?
121212
In base 9, what is -4152 - -1?
-4151
In base 2, what is 10 - 1000100001?
-1000011111
In base 7, what is -3 - 2006?
-2012
In base 10, what is 29 - 4?
25
In base 8, what is 562 - 0?
562
In base 11, what is 3 + aa?
102
In base 11, what is 7 + 29?
35
In base 9, what is 53 - 8?
44
In base 12, what is -135 + 2b?
-106
In base 2, what is 101010001 - -100?
101010101
In base 12, what is -1 - 26?
-27
In base 3, what is -1121 + 1?
-1120
In base 7, what is 300 + 4?
304
In base 13, what is 0 - -a88?
a88
In base 2, what is 100 - -10011?
10111
In base 13, what is 34 - -5?
39
In base 13, what is 3 - -b6?
b9
In base 2, what is 1011000 + 0?
1011000
In base 13, what is 2a30 + -4?
2a29
In base 5, what is 1022 - -232?
1304
In base 8, what is 124 - -1?
125
In base 11, what is 0 + 117?
117
In base 9, what is 18738 - -3?
18742
In base 16, what is 26 + 27?
4d
In base 2, what is 11010 + -1010?
10000
In base 8, what is -117 + -12?
-131
In base 9, what is -507 - 0?
-507
In base 13, what is 0 + -3b1?
-3b1
In base 4, what is -2101 - 2?
-2103
In base 4, what is 2 - -13132?
13200
In base 7, what is -2 + 6264?
6262
In base 9, what is -1 + 43?
42
In base 10, what is -268 + 2?
-266
In base 8, what is -3 + -24?
-27
In base 9, what is 4 + 558?
563
In base 12, what is -7 + 27?
20
In base 8, what is -15 - 45?
-62
In base 4, what is -1 - 32320?
-32321
In base 12, what is 30 + -3?
29
In base 4, what is 331 + 33?
1030
In base 10, what is -2 + 145?
143
In base 10, what is -19 - -22?
3
In base 7, what is 325 - 3?
322
In base 4, what is 20 + -232?
-212
In base 11, what is -1 + -2189?
-218a
In base 16, what is 3 - -b5?
b8
In base 16, what is -2c - -2?
-2a
In base 2, what is 1001 + -10101?
-1100
In base 16, what is -23e + 4?
-23a
In base 12, what is -46 + -12?
-58
In base 11, what is 0 + 77?
77
In base 15, what is -32d + 9?
-324
In base 6, what is 43 + 12?
55
In base 8, what is 15036 + -2?
15034
In base 3, what is 221212 + -11?
221201
In base 3, what is 2 - -211?
220
In base 7, what is -10 + 1?
-6
In base 14, what is 3 - -59?
5c
In base 12, what is -3 - 39a?
-3a1
In base 10, what is 71 - 4?
67
In base 9, what is -7 + -780?
-787
In base 10, what is 10 - -496?
506
In base 3, what is 2210 + -101011?
-21101
In base 16, what is -1b - 177?
-192
In base 2, what is 10000100001 - -10?
10000100011
In base 5, what is 1 + 20331?
20332
In base 6, what is -1501 - -4?
-1453
In base 3, what is -111 - -122?
11
In base 14, what is -a8 + -5?
-ad
In base 13, what is -1 + -64?
-65
In base 2, what is 0 + 11000110001?
11000110001
In base 7, what is 12413 + 1?
12414
In base 14, what is 5 + -1328?
-1323
In base 12, what is 5 + -219?
-214
In base 6, what is 41 + -3?
34
In base 16, what is -5 - 18a2?
-18a7
In base 5, what is -4 - 203?
-212
In base 3, what is -12 + 121111?
121022
In base 4, what is 33 - 13?
20
In base 16, what is -7 - e5?
-ec
In base 4, what is 1032 + 23?
1121
In base 6, what is 300 - 153?
103
In base 16, what is -4 - 588?
-58c
In base 13, what is 5 - 954?
-94c
In base 3, what is 1120102 + 1?
1120110
In base 8, what is -1 - -2104?
2103
In base 12, what is -9 + 3?
-6
In base 9, what is -53 - -12?
-41
In base 10, what is 193 + -2?
191
In base 10, what is 210 + -3?
207
In base 10, what is 16 - -104?
120
In base 2, what is -110100101 - 101?
-110101010
In base 12, what is 77 - -1?
78
In base 4, what is 11 - 123?
-112
In base 13, what is 2 - -2b?
30
In base 3, what is -1011 + 0?
-1011
In base 11, what is -13 - -30?
18
In base 14, what is -12 + -11b?
-12d
In base 3, what is -21001 - 0?
-21001
In base 6, what is 15 + -120?
-101
In base 3, what is 1002010 - -12?
1002022
In base 14, what is -110c - -4?
-1108
In base 7, what is -115 - -16?
-66
In base 2, what is 1 + 1011000?
1011001
In base 4, what is 1 + 1313132?
1313133
In base 2, what is -1011111 - -110?
-1011001
In base 2, what is -1010 + -111000110?
-111010000
In base 7, what is -36 - -11?
-25
In base 5, what is -4 - 211?
-220
In base 14, what is -5 + 227?
222
In base 14, what is a3 + 5?
a8
In base 7, what is -14 + -221?
-235
In base 7, what is 10 + -3662?
-3652
In base 14, what is -1 - 38?
-39
In base 14, what is 1 + 1b1?
1b2
In base 2, what is -1 + -101101?
-101110
In base 7, what is -5 - 152?
-160
In base 12, what is -3 + 46?
43
In base 12, what is -12 + 17?
5
In base 12, what is 11 + 5?
16
In base 4, what is 13 - 112?
-33
In base 6, what is -2335 + 4?
-2331
In base 7, what is -163 + -1?
-164
In base 4, what is 10300 + 3?
10303
In base 15, what is 1011 + -4?
100c
In base 7, what is -2 - 6062?
-6064
In base 14, what is -5 - 4?
-9
In base 11, what is -278 + 3?
-275
In base 5, what is -103302 - -2?
-103300
In base 11, what is -149 + 4?
-145
In base 5, what is -22022 - 2?
-22024
In base 3, what is 12 + 20020222?
20021011
In base 13, what is -2 + -132?
-134
In base 15, what is 5 - -45c?
462
In base 2, what is 101 + -110011?
-101110
In base 9, what is 12 + -31?
-18
In base 6, what is -30 - 53?
-123
In base 7, what is 6035 + -1?
6034
In base 13, what is -14 + -6c?
-83
In base 15, what is -4 + 49?
45
In base 9, what is -4 + 6175?
6171
In base 11, what is -3 - -121?
119
In base 10, what is 4 - 1154?
-1150
In base 14, what is 150c + 0?
150c
In base 16, what is -64 + -3?
-67
In base 13, what is -2 - -51c?
51a
In base 2, what is 100 + 110001